{"id":433,"date":"2015-10-16T07:40:24","date_gmt":"2015-10-16T05:40:24","guid":{"rendered":"http:\/\/lmeq-systems.de\/fraktion\/?page_id=433"},"modified":"2020-05-28T13:34:59","modified_gmt":"2020-05-28T11:34:59","slug":"dr-klaus-rappert","status":"publish","type":"page","link":"https:\/\/spd-stadtrat.de\/?page_id=433","title":{"rendered":"Dr. Klaus Rappert"},"content":{"rendered":"<p><a href=\"http:\/\/spd-stadtrat.de\/?attachment_id=4181\" rel=\"attachment wp-att-4181\"><img loading=\"lazy\" class=\"size-medium wp-image-4181 aligncenter\" src=\"http:\/\/spd-stadtrat.de\/wp-content\/uploads\/2020\/05\/2020-Rappert--300x223.jpg\" alt=\"\" width=\"300\" height=\"223\" srcset=\"https:\/\/spd-stadtrat.de\/wp-content\/uploads\/2020\/05\/2020-Rappert--300x223.jpg 300w, https:\/\/spd-stadtrat.de\/wp-content\/uploads\/2020\/05\/2020-Rappert--1024x762.jpg 1024w, https:\/\/spd-stadtrat.de\/wp-content\/uploads\/2020\/05\/2020-Rappert--768x572.jpg 768w, https:\/\/spd-stadtrat.de\/wp-content\/uploads\/2020\/05\/2020-Rappert--600x447.jpg 600w, https:\/\/spd-stadtrat.de\/wp-content\/uploads\/2020\/05\/2020-Rappert--1536x1143.jpg 1536w, https:\/\/spd-stadtrat.de\/wp-content\/uploads\/2020\/05\/2020-Rappert--2048x1524.jpg 2048w\" sizes=\"(max-width: 300px) 100vw, 300px\" \/><\/a><\/p>\n<p>Dr. Klaus Rappert, 1970 in M\u00fcnchen geboren, kam 1990 zur Ableistung seines Zivildiensts nach Regensburg. Von 1991 bis 1995 studierte er hier Rechtswissenschaften, anschlie\u00dfend absolvierte er hier bis 1997 seine Referendarzeit. Nach dem zweiten Staatsexamen war er von 1998 bis 2003 als Richter und Staatsanwalt in Ingolstadt besch\u00e4ftigt. Seit 2004 ist er am Landgericht Regensburg t\u00e4tig, wo er nach Stationen in der Zivilabteilung, in der hauptamtlichen Ausbildung von Rechtsreferendaren und in der Strafvollstreckung seit 2020 als Vorsitzender einer Handels- und einer Zivilkammer arbeitet.<\/p>\n<p>Das besondere Interesse von Klaus Rappert gilt Geschichte, Gegenwart und Zukunft der Stadt Regensburg. Seine Promotion 1997 besch\u00e4ftigte sich mit dem Testamentsrecht der Reichsstadt Regensburg. 2007 erschien seine zusammenfassende Darstellung \u201eRegensburg \u2013 Grundriss der Geschichte\u201c.<\/p>\n<p>1998 trat Klaus Rappert der SPD bei. Er ist SPD-Ortsvereinsvorsitzender im Stadtteil Konradsiedlung\/Wutzlhofen, stellvertretender Stadtverbandsvorsitzender seiner Partei und Bezirksvorsitzender der Arbeitsgemeinschaft sozialdemokratischer Juristinnen und Juristen (ASJ). Seine politischen Schwerpunkte sieht er in den Bereichen Stadtentwicklung und Stadtplanung, Verkehr und Umwelt. Seit 2010 geh\u00f6rt er dem Regensburger Stadtrat an. Er ist Mitglied im Ausschuss f\u00fcr Verwaltung, Finanzen und Beteiligung, im Ausschuss f\u00fcr Stadtplanung, Verkehr und Wohnungsfragen, im Stadtbahnausschuss, im Bau- und Vergabeausschuss und im Grundst\u00fccksausschuss.<\/p>\n<p>Klaus Rappert engagiert sich auch au\u00dferpolitisch vielfach. So ist er stellvertretender Vorsitzender des \u00fcberparteilichen B\u00fcrgervereins Regensburg Nord e.V. (BRN), Vorsitzender des F\u00f6rdervereins der Fu\u00dfballjugend des SV Sallern e.V. sowie Mitglied u.a.&nbsp; des von ihm mitgegr\u00fcndeten Schulf\u00f6rdervereins Sallerner Berg e.V., der Siedler- und Eigenheimervereinigung Regensburg, des AWO-Ortsvereins Regensburg, des VfB Regensburg e.V., des Historischen Vereins f\u00fcr Oberpfalz und Regensburg und des Naturwissenschaftlichen Vereins.<\/p>\n<p>Von Februar 2017 bis April 2020 war Klaus Rappert Vorsitzender der SPD-Stadtratsfraktion, seitdem ist er deren stellvertretender Vorsitzender. In dieser Funktion ist ihm wichtig, in konstruktiver Zusammenarbeit mit der Stadtspitze, der Verwaltung, den Koalitionspartnern und den anderen Parteien im Stadtrat gute Politik f\u00fcr die Menschen in Regensburg zu gestalten.<\/p>\n<p>E-Mail: <a href=\"mailto:rappert.klaus@stadtrat.regensburg.de\">rappert.klaus@stadtrat.regensburg.de<\/a><\/p>\n","protected":false},"excerpt":{"rendered":"<p>Dr. Klaus Rappert, 1970 in M\u00fcnchen geboren, kam 1990 zur Ableistung seines Zivildiensts nach Regensburg. Von 1991 bis 1995 studierte er hier Rechtswissenschaften, anschlie\u00dfend absolvierte er hier bis 1997 seine Referendarzeit. Nach dem zweiten Staatsexamen war er von 1998 bis<\/p>\n","protected":false},"author":3,"featured_media":0,"parent":300,"menu_order":0,"comment_status":"closed","ping_status":"closed","template":"","meta":{"ngg_post_thumbnail":0},"_links":{"self":[{"href":"https:\/\/spd-stadtrat.de\/index.php?rest_route=\/wp\/v2\/pages\/433"}],"collection":[{"href":"https:\/\/spd-stadtrat.de\/index.php?rest_route=\/wp\/v2\/pages"}],"about":[{"href":"https:\/\/spd-stadtrat.de\/index.php?rest_route=\/wp\/v2\/types\/page"}],"author":[{"embeddable":true,"href":"https:\/\/spd-stadtrat.de\/index.php?rest_route=\/wp\/v2\/users\/3"}],"replies":[{"embeddable":true,"href":"https:\/\/spd-stadtrat.de\/index.php?rest_route=%2Fwp%2Fv2%2Fcomments&post=433"}],"version-history":[{"count":9,"href":"https:\/\/spd-stadtrat.de\/index.php?rest_route=\/wp\/v2\/pages\/433\/revisions"}],"predecessor-version":[{"id":5441,"href":"https:\/\/spd-stadtrat.de\/index.php?rest_route=\/wp\/v2\/pages\/433\/revisions\/5441"}],"up":[{"embeddable":true,"href":"https:\/\/spd-stadtrat.de\/index.php?rest_route=\/wp\/v2\/pages\/300"}],"wp:attachment":[{"href":"https:\/\/spd-stadtrat.de\/index.php?rest_route=%2Fwp%2Fv2%2Fmedia&parent=433"}],"curies":[{"name":"wp","href":"https:\/\/api.w.org\/{rel}","templated":true}]}}

<p><a href="http://spd-stadtrat.de/?attachment_id=4181" rel="attachment wp-att-4181"><img loading="lazy" class="size-medium wp-image-4181 aligncenter" src="http://spd-stadtrat.de/wp-content/uploads/2020/05/2020-Rappert--300x223.jpg" alt="" width="300" height="223" srcset="https://spd-stadtrat.de/wp-content/uploads/2020/05/2020-Rappert--300x223.jpg 300w, https://spd-stadtrat.de/wp-content/uploads/2020/05/2020-Rappert--1024x762.jpg 1024w, https://spd-stadtrat.de/wp-content/uploads/2020/05/2020-Rappert--768x572.jpg 768w, https://spd-stadtrat.de/wp-content/uploads/2020/05/2020-Rappert--600x447.jpg 600w, https://spd-stadtrat.de/wp-content/uploads/2020/05/2020-Rappert--1536x1143.jpg 1536w, https://spd-stadtrat.de/wp-content/uploads/2020/05/2020-Rappert--2048x1524.jpg 2048w" sizes="(max-width: 300px) 100vw, 300px" /></a></p>
<p>Dr. Klaus Rappert, 1970 in München geboren, kam 1990 zur Ableistung seines Zivildiensts nach Regensburg. Von 1991 bis 1995 studierte er hier Rechtswissenschaften, anschließend absolvierte er hier bis 1997 seine Referendarzeit. Nach dem zweiten Staatsexamen war er von 1998 bis 2003 als Richter und Staatsanwalt in Ingolstadt beschäftigt. Seit 2004 ist er am Landgericht Regensburg tätig, wo er nach Stationen in der Zivilabteilung, in der hauptamtlichen Ausbildung von Rechtsreferendaren und in der Strafvollstreckung seit 2020 als Vorsitzender einer Handels- und einer Zivilkammer arbeitet.</p>
<p>Das besondere Interesse von Klaus Rappert gilt Geschichte, Gegenwart und Zukunft der Stadt Regensburg. Seine Promotion 1997 beschäftigte sich mit dem Testamentsrecht der Reichsstadt Regensburg. 2007 erschien seine zusammenfassende Darstellung „Regensburg – Grundriss der Geschichte“.</p>
<p>1998 trat Klaus Rappert der SPD bei. Er ist SPD-Ortsvereinsvorsitzender im Stadtteil Konradsiedlung/Wutzlhofen, stellvertretender Stadtverbandsvorsitzender seiner Partei und Bezirksvorsitzender der Arbeitsgemeinschaft sozialdemokratischer Juristinnen und Juristen (ASJ). Seine politischen Schwerpunkte sieht er in den Bereichen Stadtentwicklung und Stadtplanung, Verkehr und Umwelt. Seit 2010 gehört er dem Regensburger Stadtrat an. Er ist Mitglied im Ausschuss für Verwaltung, Finanzen und Beteiligung, im Ausschuss für Stadtplanung, Verkehr und Wohnungsfragen, im Stadtbahnausschuss, im Bau- und Vergabeausschuss und im Grundstücksausschuss.</p>
<p>Klaus Rappert engagiert sich auch außerpolitisch vielfach. So ist er stellvertretender Vorsitzender des überparteilichen Bürgervereins Regensburg Nord e.V. (BRN), Vorsitzender des Fördervereins der Fußballjugend des SV Sallern e.V. sowie Mitglied u.a.&nbsp; des von ihm mitgegründeten Schulfördervereins Sallerner Berg e.V., der Siedler- und Eigenheimervereinigung Regensburg, des AWO-Ortsvereins Regensburg, des VfB Regensburg e.V., des Historischen Vereins für Oberpfalz und Regensburg und des Naturwissenschaftlichen Vereins.</p>
<p>Von Februar 2017 bis April 2020 war Klaus Rappert Vorsitzender der SPD-Stadtratsfraktion, seitdem ist er deren stellvertretender Vorsitzender. In dieser Funktion ist ihm wichtig, in konstruktiver Zusammenarbeit mit der Stadtspitze, der Verwaltung, den Koalitionspartnern und den anderen Parteien im Stadtrat gute Politik für die Menschen in Regensburg zu gestalten.</p>
<p>E-Mail: <a href="mailto:rappert.klaus@stadtrat.regensburg.de">rappert.klaus@stadtrat.regensburg.de</a></p>

<p>Dr. Klaus Rappert, 1970 in München geboren, kam 1990 zur Ableistung seines Zivildiensts nach Regensburg. Von 1991 bis 1995 studierte er hier Rechtswissenschaften, anschließend absolvierte er hier bis 1997 seine Referendarzeit. Nach dem zweiten Staatsexamen war er von 1998 bis</p>
